{"id":1079,"date":"2019-02-06T00:06:19","date_gmt":"2019-02-06T00:06:19","guid":{"rendered":"http:\/\/grupopiccolo.com.br\/v3\/?page_id=1079"},"modified":"2019-03-22T19:17:30","modified_gmt":"2019-03-22T19:17:30","slug":"equipe","status":"publish","type":"page","link":"https:\/\/grupopiccolo.com.br\/v3\/index.php\/equipe\/","title":{"rendered":"Equipe"},"content":{"rendered":"<p><section class=\"kc-elm kc-css-694421 kc_row\"><div class=\"kc-row-container  kc-container\"><div class=\"kc-wrap-columns\"><div class=\"kc-elm kc-css-177831 kc_col-sm-12 kc_column kc_col-sm-12\"><div class=\"kc-col-container\">\n<section class=\" team-page-section\">\n\t\t<div class=\"auto-container\">\n\t\t\t<div class=\"row clearfix\">\n\t\t\t\t\n\t\t\t\t\t\t\t\t\n\t\t\t\t<div class=\"team-block col-lg-4 col-md-6 col-sm-12\">\n\t\t\t\t\t<div class=\"inner-box wow fadeInLeft\" data-wow-delay=\"0ms\" data-wow-duration=\"1500ms\">\n\t\t\t\t\t\t<div class=\"image\">\n\t\t\t\t\t\t\t<img loading=\"lazy\" decoding=\"async\" width=\"480\" height=\"550\" src=\"https:\/\/grupopiccolo.com.br\/v3\/wp-content\/uploads\/2019\/01\/profissional-doutora-monica-sarto-piccolo-grupo-piccolo.jpg\" class=\"attachment-post-thumbnail size-post-thumbnail wp-post-image\" alt=\"\" srcset=\"https:\/\/grupopiccolo.com.br\/v3\/wp-content\/uploads\/2019\/01\/profissional-doutora-monica-sarto-piccolo-grupo-piccolo.jpg 480w, https:\/\/grupopiccolo.com.br\/v3\/wp-content\/uploads\/2019\/01\/profissional-doutora-monica-sarto-piccolo-grupo-piccolo-262x300.jpg 262w\" sizes=\"auto, (max-width: 480px) 100vw, 480px\" \/>\t\t\t\t\t\t\t<div class=\"overlay-box\">\n\t\t\t\t\t\t\t\t<div class=\"overlay-inner\">\n\t\t\t\t\t\t\t\t\t<div class=\"content\">\n\t\t\t\t\t\t\t\t\t\t\n\t\t\t\t\t\t\t\t\t\t\t\t\t\t\t\t\t\t\t\t\n\t\t\t\t\t\t\t\t\t\t<div class=\"social-box\">\n\t\t\t\t\t\t\t\t\t\t\t\n\t\t\t\t\t\t\t\t\t\t\t\t\t\t\t\t\t\t\t\t\t\t\n\t\t\t\t\t\t\t\t\t\t\t<a href=\"\"><span class=\"fa \"><\/span><\/a>\n\t\t\t\t\t\t\t\t\t\t\t\n\t\t\t\t\t\t\t\t\t\t\t\t\t\t\t\t\t\t\t\t\t<\/div>\n\t\t\t\t\t\t\t\t\t\t\t\t\t\t\t\t\t\t\t<\/div>\n\t\t\t\t\t\t\t\t<\/div>\n\t\t\t\t\t\t\t<\/div>\n\t\t\t\t\t\t<\/div>\n\t\t\t\t\t\t<div class=\"lower-content\">\n\t\t\t\t\t\t\t<h3><a href=\"http:\/\/grupopiccolo.com.br\/v3\/index.php\/dra-monica-sarto-piccolo\/\">Dra. M\u00f4nica Sarto Piccolo<\/a><\/h3>\n\t\t\t\t\t\t\t<div class=\"designation\">Cirurgi\u00e3 Pl\u00e1stica<\/div>\n\t\t\t\t\t\t<\/div>\n\t\t\t\t\t<\/div>\n\t\t\t\t<\/div>\n\t\t\t\t\n\t\t\t\t\t\t\t\t\n\t\t\t\t<div class=\"team-block col-lg-4 col-md-6 col-sm-12\">\n\t\t\t\t\t<div class=\"inner-box wow fadeInLeft\" data-wow-delay=\"0ms\" data-wow-duration=\"1500ms\">\n\t\t\t\t\t\t<div class=\"image\">\n\t\t\t\t\t\t\t<img loading=\"lazy\" decoding=\"async\" width=\"480\" height=\"550\" src=\"https:\/\/grupopiccolo.com.br\/v3\/wp-content\/uploads\/2019\/01\/profissional-doutor-nelson-sarto-piccolo-grupo-piccolo.jpg\" class=\"attachment-post-thumbnail size-post-thumbnail wp-post-image\" alt=\"\" srcset=\"https:\/\/grupopiccolo.com.br\/v3\/wp-content\/uploads\/2019\/01\/profissional-doutor-nelson-sarto-piccolo-grupo-piccolo.jpg 480w, https:\/\/grupopiccolo.com.br\/v3\/wp-content\/uploads\/2019\/01\/profissional-doutor-nelson-sarto-piccolo-grupo-piccolo-262x300.jpg 262w\" sizes=\"auto, (max-width: 480px) 100vw, 480px\" \/>\t\t\t\t\t\t\t<div class=\"overlay-box\">\n\t\t\t\t\t\t\t\t<div class=\"overlay-inner\">\n\t\t\t\t\t\t\t\t\t<div class=\"content\">\n\t\t\t\t\t\t\t\t\t\t\n\t\t\t\t\t\t\t\t\t\t\t\t\t\t\t\t\t\t\t\t\n\t\t\t\t\t\t\t\t\t\t<div class=\"social-box\">\n\t\t\t\t\t\t\t\t\t\t\t\n\t\t\t\t\t\t\t\t\t\t\t\t\t\t\t\t\t\t\t\t\t\t\n\t\t\t\t\t\t\t\t\t\t\t<a href=\"#\"><span class=\"fa \"><\/span><\/a>\n\t\t\t\t\t\t\t\t\t\t\t\n\t\t\t\t\t\t\t\t\t\t\t\t\t\t\t\t\t\t\t\t\t<\/div>\n\t\t\t\t\t\t\t\t\t\t\t\t\t\t\t\t\t\t\t<\/div>\n\t\t\t\t\t\t\t\t<\/div>\n\t\t\t\t\t\t\t<\/div>\n\t\t\t\t\t\t<\/div>\n\t\t\t\t\t\t<div class=\"lower-content\">\n\t\t\t\t\t\t\t<h3><a href=\"http:\/\/grupopiccolo.com.br\/v3\/index.php\/dr-paulo-de-paula-piccolo\/\">Dr Nelson Sarto Piccolo<\/a><\/h3>\n\t\t\t\t\t\t\t<div class=\"designation\">Cirurgi\u00e3o Pl\u00e1stico<\/div>\n\t\t\t\t\t\t<\/div>\n\t\t\t\t\t<\/div>\n\t\t\t\t<\/div>\n\t\t\t\t\n\t\t\t\t\t\t\t\t\n\t\t\t\t<div class=\"team-block col-lg-4 col-md-6 col-sm-12\">\n\t\t\t\t\t<div class=\"inner-box wow fadeInLeft\" data-wow-delay=\"0ms\" data-wow-duration=\"1500ms\">\n\t\t\t\t\t\t<div class=\"image\">\n\t\t\t\t\t\t\t<img loading=\"lazy\" decoding=\"async\" width=\"480\" height=\"550\" src=\"https:\/\/grupopiccolo.com.br\/v3\/wp-content\/uploads\/2019\/01\/profissional-doutora-maria-thereza-sarto-piccolo-grupo-piccolo.jpg\" class=\"attachment-post-thumbnail size-post-thumbnail wp-post-image\" alt=\"\" srcset=\"https:\/\/grupopiccolo.com.br\/v3\/wp-content\/uploads\/2019\/01\/profissional-doutora-maria-thereza-sarto-piccolo-grupo-piccolo.jpg 480w, https:\/\/grupopiccolo.com.br\/v3\/wp-content\/uploads\/2019\/01\/profissional-doutora-maria-thereza-sarto-piccolo-grupo-piccolo-262x300.jpg 262w\" sizes=\"auto, (max-width: 480px) 100vw, 480px\" \/>\t\t\t\t\t\t\t<div class=\"overlay-box\">\n\t\t\t\t\t\t\t\t<div class=\"overlay-inner\">\n\t\t\t\t\t\t\t\t\t<div class=\"content\">\n\t\t\t\t\t\t\t\t\t\t\n\t\t\t\t\t\t\t\t\t\t\t\t\t\t\t\t\t\t\t\t\n\t\t\t\t\t\t\t\t\t\t<div class=\"social-box\">\n\t\t\t\t\t\t\t\t\t\t\t\n\t\t\t\t\t\t\t\t\t\t\t\t\t\t\t\t\t\t\t\t\t\t\n\t\t\t\t\t\t\t\t\t\t\t<a href=\"#\"><span class=\"fa \"><\/span><\/a>\n\t\t\t\t\t\t\t\t\t\t\t\n\t\t\t\t\t\t\t\t\t\t\t\t\t\t\t\t\t\t\t\t\t<\/div>\n\t\t\t\t\t\t\t\t\t\t\t\t\t\t\t\t\t\t\t<\/div>\n\t\t\t\t\t\t\t\t<\/div>\n\t\t\t\t\t\t\t<\/div>\n\t\t\t\t\t\t<\/div>\n\t\t\t\t\t\t<div class=\"lower-content\">\n\t\t\t\t\t\t\t<h3><a href=\"http:\/\/grupopiccolo.com.br\/v3\/index.php\/dra-maria-thereza-sarto-piccolo\/\">Dra Maria Thereza Sarto Piccolo<\/a><\/h3>\n\t\t\t\t\t\t\t<div class=\"designation\">Nutr\u00f3loga<\/div>\n\t\t\t\t\t\t<\/div>\n\t\t\t\t\t<\/div>\n\t\t\t\t<\/div>\n\t\t\t\t\n\t\t\t\t\t\t\t\t\n\t\t\t\t<div class=\"team-block col-lg-4 col-md-6 col-sm-12\">\n\t\t\t\t\t<div class=\"inner-box wow fadeInLeft\" data-wow-delay=\"0ms\" data-wow-duration=\"1500ms\">\n\t\t\t\t\t\t<div class=\"image\">\n\t\t\t\t\t\t\t<img loading=\"lazy\" decoding=\"async\" width=\"480\" height=\"550\" src=\"https:\/\/grupopiccolo.com.br\/v3\/wp-content\/uploads\/2019\/01\/profissional-doutor-nelson-paula-piccolo-grupo-piccolo.jpg\" class=\"attachment-post-thumbnail size-post-thumbnail wp-post-image\" alt=\"\" srcset=\"https:\/\/grupopiccolo.com.br\/v3\/wp-content\/uploads\/2019\/01\/profissional-doutor-nelson-paula-piccolo-grupo-piccolo.jpg 480w, https:\/\/grupopiccolo.com.br\/v3\/wp-content\/uploads\/2019\/01\/profissional-doutor-nelson-paula-piccolo-grupo-piccolo-262x300.jpg 262w\" sizes=\"auto, (max-width: 480px) 100vw, 480px\" \/>\t\t\t\t\t\t\t<div class=\"overlay-box\">\n\t\t\t\t\t\t\t\t<div class=\"overlay-inner\">\n\t\t\t\t\t\t\t\t\t<div class=\"content\">\n\t\t\t\t\t\t\t\t\t\t\n\t\t\t\t\t\t\t\t\t\t\t\t\t\t\t\t\t\t\t\t\n\t\t\t\t\t\t\t\t\t\t<div class=\"social-box\">\n\t\t\t\t\t\t\t\t\t\t\t\n\t\t\t\t\t\t\t\t\t\t\t\t\t\t\t\t\t\t\t\t\t\t\n\t\t\t\t\t\t\t\t\t\t\t<a href=\"#\"><span class=\"fa \"><\/span><\/a>\n\t\t\t\t\t\t\t\t\t\t\t\n\t\t\t\t\t\t\t\t\t\t\t\t\t\t\t\t\t\t\t\t\t<\/div>\n\t\t\t\t\t\t\t\t\t\t\t\t\t\t\t\t\t\t\t<\/div>\n\t\t\t\t\t\t\t\t<\/div>\n\t\t\t\t\t\t\t<\/div>\n\t\t\t\t\t\t<\/div>\n\t\t\t\t\t\t<div class=\"lower-content\">\n\t\t\t\t\t\t\t<h3><a href=\"http:\/\/grupopiccolo.com.br\/v3\/index.php\/dr-nelson-de-paula-piccolo\/\">Dr Nelson de Paula Piccolo<\/a><\/h3>\n\t\t\t\t\t\t\t<div class=\"designation\">Cirurgi\u00e3o Pl\u00e1stico<\/div>\n\t\t\t\t\t\t<\/div>\n\t\t\t\t\t<\/div>\n\t\t\t\t<\/div>\n\t\t\t\t\n\t\t\t\t\t\t\t\t\n\t\t\t\t<div class=\"team-block col-lg-4 col-md-6 col-sm-12\">\n\t\t\t\t\t<div class=\"inner-box wow fadeInLeft\" data-wow-delay=\"0ms\" data-wow-duration=\"1500ms\">\n\t\t\t\t\t\t<div class=\"image\">\n\t\t\t\t\t\t\t<img loading=\"lazy\" decoding=\"async\" width=\"480\" height=\"550\" src=\"https:\/\/grupopiccolo.com.br\/v3\/wp-content\/uploads\/2019\/01\/profissional-doutora-roberta-piccolo-lobo-grupo-piccolo.jpg\" class=\"attachment-post-thumbnail size-post-thumbnail wp-post-image\" alt=\"\" srcset=\"https:\/\/grupopiccolo.com.br\/v3\/wp-content\/uploads\/2019\/01\/profissional-doutora-roberta-piccolo-lobo-grupo-piccolo.jpg 480w, https:\/\/grupopiccolo.com.br\/v3\/wp-content\/uploads\/2019\/01\/profissional-doutora-roberta-piccolo-lobo-grupo-piccolo-262x300.jpg 262w\" sizes=\"auto, (max-width: 480px) 100vw, 480px\" \/>\t\t\t\t\t\t\t<div class=\"overlay-box\">\n\t\t\t\t\t\t\t\t<div class=\"overlay-inner\">\n\t\t\t\t\t\t\t\t\t<div class=\"content\">\n\t\t\t\t\t\t\t\t\t\t\n\t\t\t\t\t\t\t\t\t\t\t\t\t\t\t\t\t\t\t\t\n\t\t\t\t\t\t\t\t\t\t<div class=\"social-box\">\n\t\t\t\t\t\t\t\t\t\t\t\n\t\t\t\t\t\t\t\t\t\t\t\t\t\t\t\t\t\t\t\t\t\t\n\t\t\t\t\t\t\t\t\t\t\t<a href=\"#\"><span class=\"fa \"><\/span><\/a>\n\t\t\t\t\t\t\t\t\t\t\t\n\t\t\t\t\t\t\t\t\t\t\t\t\t\t\t\t\t\t\t\t\t<\/div>\n\t\t\t\t\t\t\t\t\t\t\t\t\t\t\t\t\t\t\t<\/div>\n\t\t\t\t\t\t\t\t<\/div>\n\t\t\t\t\t\t\t<\/div>\n\t\t\t\t\t\t<\/div>\n\t\t\t\t\t\t<div class=\"lower-content\">\n\t\t\t\t\t\t\t<h3><a href=\"http:\/\/grupopiccolo.com.br\/v3\/index.php\/dra-roberta-piccolo-lobo\/\">Dra Roberta Piccolo Lobo<\/a><\/h3>\n\t\t\t\t\t\t\t<div class=\"designation\">Cirurgi\u00e3 Pl\u00e1stica<\/div>\n\t\t\t\t\t\t<\/div>\n\t\t\t\t\t<\/div>\n\t\t\t\t<\/div>\n\t\t\t\t\n\t\t\t\t\t\t\t\t\n\t\t\t\t<div class=\"team-block col-lg-4 col-md-6 col-sm-12\">\n\t\t\t\t\t<div class=\"inner-box wow fadeInLeft\" data-wow-delay=\"0ms\" data-wow-duration=\"1500ms\">\n\t\t\t\t\t\t<div class=\"image\">\n\t\t\t\t\t\t\t<img loading=\"lazy\" decoding=\"async\" width=\"480\" height=\"550\" src=\"https:\/\/grupopiccolo.com.br\/v3\/wp-content\/uploads\/2019\/01\/profissional-doutor-paulo-paula-piccolo-grupo-piccolo.jpg\" class=\"attachment-post-thumbnail size-post-thumbnail wp-post-image\" alt=\"\" srcset=\"https:\/\/grupopiccolo.com.br\/v3\/wp-content\/uploads\/2019\/01\/profissional-doutor-paulo-paula-piccolo-grupo-piccolo.jpg 480w, https:\/\/grupopiccolo.com.br\/v3\/wp-content\/uploads\/2019\/01\/profissional-doutor-paulo-paula-piccolo-grupo-piccolo-262x300.jpg 262w\" sizes=\"auto, (max-width: 480px) 100vw, 480px\" \/>\t\t\t\t\t\t\t<div class=\"overlay-box\">\n\t\t\t\t\t\t\t\t<div class=\"overlay-inner\">\n\t\t\t\t\t\t\t\t\t<div class=\"content\">\n\t\t\t\t\t\t\t\t\t\t\n\t\t\t\t\t\t\t\t\t\t\t\t\t\t\t\t\t\t\t\t\n\t\t\t\t\t\t\t\t\t\t<div class=\"social-box\">\n\t\t\t\t\t\t\t\t\t\t\t\n\t\t\t\t\t\t\t\t\t\t\t\t\t\t\t\t\t\t\t\t\t\t\n\t\t\t\t\t\t\t\t\t\t\t<a href=\"https:\/\/www.facebook.com\/drpaulopiccolo\/\"><span class=\"fa fa fa-facebook\"><\/span><\/a>\n\t\t\t\t\t\t\t\t\t\t\t\n\t\t\t\t\t\t\t\t\t\t\t\t\t\t\t\t\t\t\t\t\t\t\n\t\t\t\t\t\t\t\t\t\t\t<a href=\"https:\/\/www.instagram.com\/drpaulopiccolo\/\"><span class=\"fa fa fa-instagram\"><\/span><\/a>\n\t\t\t\t\t\t\t\t\t\t\t\n\t\t\t\t\t\t\t\t\t\t\t\t\t\t\t\t\t\t\t\t\t<\/div>\n\t\t\t\t\t\t\t\t\t\t\t\t\t\t\t\t\t\t\t<\/div>\n\t\t\t\t\t\t\t\t<\/div>\n\t\t\t\t\t\t\t<\/div>\n\t\t\t\t\t\t<\/div>\n\t\t\t\t\t\t<div class=\"lower-content\">\n\t\t\t\t\t\t\t<h3><a href=\"http:\/\/grupopiccolo.com.br\/v3\/index.php\/doutor-paulo-piccolo\/\">Dr Paulo de Paula Piccolo<\/a><\/h3>\n\t\t\t\t\t\t\t<div class=\"designation\">Cirurgi\u00e3o Pl\u00e1stico<\/div>\n\t\t\t\t\t\t<\/div>\n\t\t\t\t\t<\/div>\n\t\t\t\t<\/div>\n\t\t\t\t\n\t\t\t\t\t\t\t\t\n\t\t\t\t<div class=\"team-block col-lg-4 col-md-6 col-sm-12\">\n\t\t\t\t\t<div class=\"inner-box wow fadeInLeft\" data-wow-delay=\"0ms\" data-wow-duration=\"1500ms\">\n\t\t\t\t\t\t<div class=\"image\">\n\t\t\t\t\t\t\t<img loading=\"lazy\" decoding=\"async\" width=\"480\" height=\"550\" src=\"https:\/\/grupopiccolo.com.br\/v3\/wp-content\/uploads\/2018\/11\/Doutor-paulo-piccolo.jpg\" class=\"attachment-post-thumbnail size-post-thumbnail wp-post-image\" alt=\"\" srcset=\"https:\/\/grupopiccolo.com.br\/v3\/wp-content\/uploads\/2018\/11\/Doutor-paulo-piccolo.jpg 480w, https:\/\/grupopiccolo.com.br\/v3\/wp-content\/uploads\/2018\/11\/Doutor-paulo-piccolo-262x300.jpg 262w\" sizes=\"auto, (max-width: 480px) 100vw, 480px\" \/>\t\t\t\t\t\t\t<div class=\"overlay-box\">\n\t\t\t\t\t\t\t\t<div class=\"overlay-inner\">\n\t\t\t\t\t\t\t\t\t<div class=\"content\">\n\t\t\t\t\t\t\t\t\t\t\n\t\t\t\t\t\t\t\t\t\t\t\t\t\t\t\t\t\t\t\t\n\t\t\t\t\t\t\t\t\t\t<div class=\"social-box\">\n\t\t\t\t\t\t\t\t\t\t\t\n\t\t\t\t\t\t\t\t\t\t\t\t\t\t\t\t\t\t\t\t\t\t\n\t\t\t\t\t\t\t\t\t\t\t<a href=\"https:\/\/www.facebook.com\/grupopiccolo\/\"><span class=\"fa fa fa-facebook\"><\/span><\/a>\n\t\t\t\t\t\t\t\t\t\t\t\n\t\t\t\t\t\t\t\t\t\t\t\t\t\t\t\t\t\t\t\t\t<\/div>\n\t\t\t\t\t\t\t\t\t\t\t\t\t\t\t\t\t\t\t<\/div>\n\t\t\t\t\t\t\t\t<\/div>\n\t\t\t\t\t\t\t<\/div>\n\t\t\t\t\t\t<\/div>\n\t\t\t\t\t\t<div class=\"lower-content\">\n\t\t\t\t\t\t\t<h3><a href=\"http:\/\/grupopiccolo.com.br\/v3\/index.php\/ricardo-piccolo-daher\/\">Dr. Ricardo Piccolo Daher<\/a><\/h3>\n\t\t\t\t\t\t\t<div class=\"designation\">M\u00e9dico<\/div>\n\t\t\t\t\t\t<\/div>\n\t\t\t\t\t<\/div>\n\t\t\t\t<\/div>\n\t\t\t\t\n\t\t\t\t\t\t\t<\/div>\n\t\t<\/div>\n\t<\/section>\n\n<\/div><\/div><\/div><\/div><\/section><section data-kc-fullwidth=\"content\" class=\"kc-elm kc-css-92477 kc_row\"><div class=\"kc-row-container\"><div class=\"kc-wrap-columns\"><div class=\"kc-elm kc-css-611306 kc_col-sm-12 kc_column kc_col-sm-12\"><div class=\"kc-col-container\"><div class=\" call-to-action-section\">\n\t<div class=\"outer-container\">\n\t\t<div class=\"clearfix\">\n\t\t\n\t\t\t<!--Left Column-->\n\t\t\t<div class=\"left-column clearfix\">\n\t\t\t\t<div class=\"image-layer\" style=\"background-image: url(http:\/\/grupopiccolo.com.br\/v3\/wp-content\/uploads\/2018\/11\/1.jpg)\"><\/div>\n\t\t\t\t<div class=\"inner-column\">\n\t\t\t\t\t<h2>A fam\u00edlia Piccolo dedica-se ao paciente queimado desde a d\u00e9cada de 60.<\/h2>\n\t\t\t\t<\/div>\n\t\t\t<\/div>\n\t\t\t\n\t\t\t<!--Right Column-->\n\t\t\t<div class=\"right-column\">\n\t\t\t\t<div class=\"inner-column\">\n\t\t\t\t\t<a href=\"http:\/\/grupopiccolo.com.br\/v3\/index.php\/contato\/\" class=\"theme-btn btn-style-four\">Nosso Contato<\/a>\n\t\t\t\t<\/div>\n\t\t\t<\/div>\n\t\t\t\n\t\t<\/div>\n\t<\/div>\n<\/div>\t<\/div><\/div><\/div><\/div><\/section><\/p>\n","protected":false},"excerpt":{"rendered":"","protected":false},"author":1,"featured_media":0,"parent":0,"menu_order":0,"comment_status":"closed","ping_status":"closed","template":"tpl-king-composer.php","meta":{"footnotes":""},"class_list":["post-1079","page","type-page","status-publish","hentry"],"yoast_head":"<!-- This site is optimized with the Yoast SEO plugin v17.0 - https:\/\/yoast.com\/wordpress\/plugins\/seo\/ -->\n<title>Equipe - Grupo Piccolo<\/title>\n<meta name=\"robots\" content=\"index, follow, max-snippet:-1, max-image-preview:large, max-video-preview:-1\" \/>\n<link rel=\"canonical\" href=\"https:\/\/grupopiccolo.com.br\/v3\/index.php\/equipe\/\" \/>\n<meta property=\"og:locale\" content=\"pt_BR\" \/>\n<meta property=\"og:type\" content=\"article\" \/>\n<meta property=\"og:title\" content=\"Equipe - Grupo Piccolo\" \/>\n<meta property=\"og:description\" content=\"Dra. M\u00f4nica Sarto Piccolo Cirurgi\u00e3 Pl\u00e1stica Dr Nelson Sarto Piccolo Cirurgi\u00e3o Pl\u00e1stico Dra Maria Thereza Sarto Piccolo Nutr\u00f3loga Dr Nelson de Paula Piccolo Cirurgi\u00e3o Pl\u00e1stico Dra Roberta Piccolo Lobo Cirurgi\u00e3 Pl\u00e1stica Dr Paulo de Paula Piccolo Cirurgi\u00e3o Pl\u00e1stico Dr. Ricardo Piccolo Daher Cirurgi\u00e3o A fam\u00edlia Piccolo dedica-se ao paciente queimado desde a d\u00e9cada de 60.\" \/>\n<meta property=\"og:url\" content=\"https:\/\/grupopiccolo.com.br\/v3\/index.php\/equipe\/\" \/>\n<meta property=\"og:site_name\" content=\"Grupo Piccolo\" \/>\n<meta property=\"article:modified_time\" content=\"2019-03-22T19:17:30+00:00\" \/>\n<meta property=\"og:image\" content=\"http:\/\/grupopiccolo.com.br\/v3\/wp-content\/uploads\/2019\/01\/profissional-doutora-monica-sarto-piccolo-grupo-piccolo.jpg\" \/>\n<meta name=\"twitter:card\" content=\"summary_large_image\" \/>\n<script type=\"application\/ld+json\" class=\"yoast-schema-graph\">{\"@context\":\"https:\/\/schema.org\",\"@graph\":[{\"@type\":\"Organization\",\"@id\":\"https:\/\/grupopiccolo.com.br\/v3\/#organization\",\"name\":\"Grupo Piccolo\",\"url\":\"https:\/\/grupopiccolo.com.br\/v3\/\",\"sameAs\":[],\"logo\":{\"@type\":\"ImageObject\",\"@id\":\"https:\/\/grupopiccolo.com.br\/v3\/#logo\",\"inLanguage\":\"pt-BR\",\"url\":\"https:\/\/grupopiccolo.com.br\/v3\/wp-content\/uploads\/2019\/01\/logo-grupo-piccolo-1.png\",\"contentUrl\":\"https:\/\/grupopiccolo.com.br\/v3\/wp-content\/uploads\/2019\/01\/logo-grupo-piccolo-1.png\",\"width\":672,\"height\":234,\"caption\":\"Grupo Piccolo\"},\"image\":{\"@id\":\"https:\/\/grupopiccolo.com.br\/v3\/#logo\"}},{\"@type\":\"WebSite\",\"@id\":\"https:\/\/grupopiccolo.com.br\/v3\/#website\",\"url\":\"https:\/\/grupopiccolo.com.br\/v3\/\",\"name\":\"Grupo Piccolo\",\"description\":\"Grupo Piccolo\",\"publisher\":{\"@id\":\"https:\/\/grupopiccolo.com.br\/v3\/#organization\"},\"potentialAction\":[{\"@type\":\"SearchAction\",\"target\":{\"@type\":\"EntryPoint\",\"urlTemplate\":\"https:\/\/grupopiccolo.com.br\/v3\/?s={search_term_string}\"},\"query-input\":\"required name=search_term_string\"}],\"inLanguage\":\"pt-BR\"},{\"@type\":\"ImageObject\",\"@id\":\"https:\/\/grupopiccolo.com.br\/v3\/index.php\/equipe\/#primaryimage\",\"inLanguage\":\"pt-BR\",\"url\":\"http:\/\/grupopiccolo.com.br\/v3\/wp-content\/uploads\/2019\/01\/profissional-doutora-monica-sarto-piccolo-grupo-piccolo.jpg\",\"contentUrl\":\"http:\/\/grupopiccolo.com.br\/v3\/wp-content\/uploads\/2019\/01\/profissional-doutora-monica-sarto-piccolo-grupo-piccolo.jpg\"},{\"@type\":\"WebPage\",\"@id\":\"https:\/\/grupopiccolo.com.br\/v3\/index.php\/equipe\/#webpage\",\"url\":\"https:\/\/grupopiccolo.com.br\/v3\/index.php\/equipe\/\",\"name\":\"Equipe - Grupo Piccolo\",\"isPartOf\":{\"@id\":\"https:\/\/grupopiccolo.com.br\/v3\/#website\"},\"primaryImageOfPage\":{\"@id\":\"https:\/\/grupopiccolo.com.br\/v3\/index.php\/equipe\/#primaryimage\"},\"datePublished\":\"2019-02-06T00:06:19+00:00\",\"dateModified\":\"2019-03-22T19:17:30+00:00\",\"breadcrumb\":{\"@id\":\"https:\/\/grupopiccolo.com.br\/v3\/index.php\/equipe\/#breadcrumb\"},\"inLanguage\":\"pt-BR\",\"potentialAction\":[{\"@type\":\"ReadAction\",\"target\":[\"https:\/\/grupopiccolo.com.br\/v3\/index.php\/equipe\/\"]}]},{\"@type\":\"BreadcrumbList\",\"@id\":\"https:\/\/grupopiccolo.com.br\/v3\/index.php\/equipe\/#breadcrumb\",\"itemListElement\":[{\"@type\":\"ListItem\",\"position\":1,\"name\":\"In\\u00edcio\",\"item\":\"https:\/\/grupopiccolo.com.br\/v3\/\"},{\"@type\":\"ListItem\",\"position\":2,\"name\":\"Equipe\"}]}]}<\/script>\n<!-- \/ Yoast SEO plugin. -->","yoast_head_json":{"title":"Equipe - Grupo Piccolo","robots":{"index":"index","follow":"follow","max-snippet":"max-snippet:-1","max-image-preview":"max-image-preview:large","max-video-preview":"max-video-preview:-1"},"canonical":"https:\/\/grupopiccolo.com.br\/v3\/index.php\/equipe\/","og_locale":"pt_BR","og_type":"article","og_title":"Equipe - Grupo Piccolo","og_description":"Dra. M\u00f4nica Sarto Piccolo Cirurgi\u00e3 Pl\u00e1stica Dr Nelson Sarto Piccolo Cirurgi\u00e3o Pl\u00e1stico Dra Maria Thereza Sarto Piccolo Nutr\u00f3loga Dr Nelson de Paula Piccolo Cirurgi\u00e3o Pl\u00e1stico Dra Roberta Piccolo Lobo Cirurgi\u00e3 Pl\u00e1stica Dr Paulo de Paula Piccolo Cirurgi\u00e3o Pl\u00e1stico Dr. Ricardo Piccolo Daher Cirurgi\u00e3o A fam\u00edlia Piccolo dedica-se ao paciente queimado desde a d\u00e9cada de 60.","og_url":"https:\/\/grupopiccolo.com.br\/v3\/index.php\/equipe\/","og_site_name":"Grupo Piccolo","article_modified_time":"2019-03-22T19:17:30+00:00","og_image":[{"url":"http:\/\/grupopiccolo.com.br\/v3\/wp-content\/uploads\/2019\/01\/profissional-doutora-monica-sarto-piccolo-grupo-piccolo.jpg"}],"twitter_card":"summary_large_image","schema":{"@context":"https:\/\/schema.org","@graph":[{"@type":"Organization","@id":"https:\/\/grupopiccolo.com.br\/v3\/#organization","name":"Grupo Piccolo","url":"https:\/\/grupopiccolo.com.br\/v3\/","sameAs":[],"logo":{"@type":"ImageObject","@id":"https:\/\/grupopiccolo.com.br\/v3\/#logo","inLanguage":"pt-BR","url":"https:\/\/grupopiccolo.com.br\/v3\/wp-content\/uploads\/2019\/01\/logo-grupo-piccolo-1.png","contentUrl":"https:\/\/grupopiccolo.com.br\/v3\/wp-content\/uploads\/2019\/01\/logo-grupo-piccolo-1.png","width":672,"height":234,"caption":"Grupo Piccolo"},"image":{"@id":"https:\/\/grupopiccolo.com.br\/v3\/#logo"}},{"@type":"WebSite","@id":"https:\/\/grupopiccolo.com.br\/v3\/#website","url":"https:\/\/grupopiccolo.com.br\/v3\/","name":"Grupo Piccolo","description":"Grupo Piccolo","publisher":{"@id":"https:\/\/grupopiccolo.com.br\/v3\/#organization"},"potentialAction":[{"@type":"SearchAction","target":{"@type":"EntryPoint","urlTemplate":"https:\/\/grupopiccolo.com.br\/v3\/?s={search_term_string}"},"query-input":"required name=search_term_string"}],"inLanguage":"pt-BR"},{"@type":"ImageObject","@id":"https:\/\/grupopiccolo.com.br\/v3\/index.php\/equipe\/#primaryimage","inLanguage":"pt-BR","url":"http:\/\/grupopiccolo.com.br\/v3\/wp-content\/uploads\/2019\/01\/profissional-doutora-monica-sarto-piccolo-grupo-piccolo.jpg","contentUrl":"http:\/\/grupopiccolo.com.br\/v3\/wp-content\/uploads\/2019\/01\/profissional-doutora-monica-sarto-piccolo-grupo-piccolo.jpg"},{"@type":"WebPage","@id":"https:\/\/grupopiccolo.com.br\/v3\/index.php\/equipe\/#webpage","url":"https:\/\/grupopiccolo.com.br\/v3\/index.php\/equipe\/","name":"Equipe - Grupo Piccolo","isPartOf":{"@id":"https:\/\/grupopiccolo.com.br\/v3\/#website"},"primaryImageOfPage":{"@id":"https:\/\/grupopiccolo.com.br\/v3\/index.php\/equipe\/#primaryimage"},"datePublished":"2019-02-06T00:06:19+00:00","dateModified":"2019-03-22T19:17:30+00:00","breadcrumb":{"@id":"https:\/\/grupopiccolo.com.br\/v3\/index.php\/equipe\/#breadcrumb"},"inLanguage":"pt-BR","potentialAction":[{"@type":"ReadAction","target":["https:\/\/grupopiccolo.com.br\/v3\/index.php\/equipe\/"]}]},{"@type":"BreadcrumbList","@id":"https:\/\/grupopiccolo.com.br\/v3\/index.php\/equipe\/#breadcrumb","itemListElement":[{"@type":"ListItem","position":1,"name":"In\u00edcio","item":"https:\/\/grupopiccolo.com.br\/v3\/"},{"@type":"ListItem","position":2,"name":"Equipe"}]}]}},"amp_enabled":false,"_links":{"self":[{"href":"https:\/\/grupopiccolo.com.br\/v3\/index.php\/wp-json\/wp\/v2\/pages\/1079","targetHints":{"allow":["GET"]}}],"collection":[{"href":"https:\/\/grupopiccolo.com.br\/v3\/index.php\/wp-json\/wp\/v2\/pages"}],"about":[{"href":"https:\/\/grupopiccolo.com.br\/v3\/index.php\/wp-json\/wp\/v2\/types\/page"}],"author":[{"embeddable":true,"href":"https:\/\/grupopiccolo.com.br\/v3\/index.php\/wp-json\/wp\/v2\/users\/1"}],"replies":[{"embeddable":true,"href":"https:\/\/grupopiccolo.com.br\/v3\/index.php\/wp-json\/wp\/v2\/comments?post=1079"}],"version-history":[{"count":4,"href":"https:\/\/grupopiccolo.com.br\/v3\/index.php\/wp-json\/wp\/v2\/pages\/1079\/revisions"}],"predecessor-version":[{"id":1135,"href":"https:\/\/grupopiccolo.com.br\/v3\/index.php\/wp-json\/wp\/v2\/pages\/1079\/revisions\/1135"}],"wp:attachment":[{"href":"https:\/\/grupopiccolo.com.br\/v3\/index.php\/wp-json\/wp\/v2\/media?parent=1079"}],"curies":[{"name":"wp","href":"https:\/\/api.w.org\/{rel}","templated":true}]}}